s 799147 prime?
True
Is 61127 a composite number?
True
Is 70043 a composite number?
True
Is 1399 a composite number?
False
Is 84179 a prime number?
True
Is 71747 a composite number?
True
Is 77191 composite?
False
Is 6163 a composite number?
False
Is 137623 a prime number?
True
Is 7103 composite?
False
Is 519619 composite?
False
Is 53 a composite number?
False
Is 106877 composite?
False
Is 858179 a prime number?
False
Is 2183 a composite number?
True
Is 1282 prime?
False
Is 4009 composite?
True
Is 26759 composite?
False
Is 36551 composite?
False
Is 76745 composite?
True
Is 1134713 a prime number?
False
Is 587959 a composite number?
False
Is 6997 a prime number?
True
Is 134471 prime?
True
Is 65662 composite?
True
Is 36053 prime?
False
Is 2719 a composite number?
False
Is 1189 composite?
True
Is 35671 prime?
True
Is 738763 prime?
False
Is 129167 a prime number?
False
Is 7639 a prime number?
True
Is 108451 composite?
True
Is 56767 composite?
False
Is 42607 a composite number?
True
Is 151511 a composite number?
True
Is 1499 a composite number?
False
Is 134 composite?
True
Is 1974815 prime?
False
Is 17717 a prime number?
False
Is 15157 prime?
False
Is 121181 a prime number?
True
Is 21739 composite?
False
Is 10973 composite?
False
Is 85 a composite number?
True
Is 9277 a composite number?
False
Is 27499 prime?
False
Is 53701 a composite number?
True
Is 1821665 prime?
False
Is 57263 a prime number?
False
Is 33307 prime?
False
Is 707758 a prime number?
False
Is 832813 a composite number?
True
Is 1511 prime?
True
Is 16847 composite?
True
Is 63209 composite?
True
Is 164701 a prime number?
True
Is 265381 prime?
True
Is 3047 a composite number?
True
Is 16621 a prime number?
False
Is 30031 a composite number?
True
Is 5981 composite?
False
Is 1265167 a prime number?
True
Is 529141 composite?
True
Is 900047 a composite number?
True
Is 26679 a prime number?
False
Is 248519 a composite number?
True
Is 34609 a prime number?
False
Is 778637 prime?
False
Is 200813 prime?
False
Is 50035 prime?
False
Is 82514 prime?
False
Is 25147 a prime number?
True
Is 43247 a prime number?
False
Is 794023 prime?
True
Is 45119 a prime number?
True
Is 109211 composite?
False
Is 6803 composite?
False
Is 2441461 composite?
True
Is 97213 a composite number?
False
Is 116639 a prime number?
True
Is 28685 composite?
True
Is 15101 prime?
True
Is 16373 composite?
True
Is 87887 a prime number?
True
Is 500777 composite?
False
Is 19169 prime?
False
Is 10954 composite?
True
Is 661979 a prime number?
False
Is 1623 a prime number?
False
Is 641303 a composite number?
True
Is 368939 a composite number?
False
Is 3471191 a prime number?
True
Is 90149 a prime number?
True
Is 179161 a composite number?
False
Is 4185979 a composite number?
True
Is 111778 prime?
False
Is 2750597 prime?
True
Is 1210949 prime?
True
Is 263137 a prime number?
False
Is 2321 composite?
True
Is 492365 composite?
True
Is 163601 composite?
False
Is 2051 prime?
False
Is 58277 a composite number?
True
Is 43049 a prime number?
True
Is 3109 a composite number?
False
Is 94201 prime?
True
Is 204817 prime?
False
Is 188579 composite?
False
Is 45503 a composite number?
False
Is 80849 a composite number?
False
Is 33247 prime?
True
Is 27143 prime?
True
Is 8033 a composite number?
True
Is 269 a composite number?
False
Is 217603 composite?
True
Is 9587 a composite number?
False
Is 10831 a composite number?
False
Is 175918 a composite number?
True
Is 5779 a prime number?
True
Is 16519 composite?
False
Is 30289 a composite number?
True
Is 7699 prime?
True
Is 336437 prime?
True
Is 714167 a composite number?
True
Is 79757 composite?
False
Is 295673 composite?
True
Is 3433 a prime number?
True
Is 923 prime?
False
Is 345803 prime?
True
Is 133649 a prime number?
True
Is 72767 prime?
True
Is 11013 prime?
False
Is 442597 a prime number?
False
Is 92441 a prime number?
False
Is 44059 a composite number?
False
Is 23321 prime?
True
Is 3127 composite?
True
Is 267533 a prime number?
False
Is 9601 composite?
False
Is 24793 prime?
True
Is 15395 a composite number?
True
Is 133597 composite?
False
Is 395849 composite?
False
Is 15217 prime?
True
Is 22793 composite?
True
Is 2138941 a prime number?
False
Is 13811 prime?
False
Is 46381 a prime number?
True
Is 62639 prime?
True
Is 21467 composite?
False
Is 194263 prime?
True
Is 53959 a composite number?
False
Is 8147 prime?
True
Is 763582 a composite number?
True
Is 125141 a prime number?
True
Is 9913 a composite number?
True
Is 135329 a prime number?
True
Is 17915 a composite number?
True
Is 536689 composite?
True
Is 34511 composite?
False
Is 18811 a prime number?
False
Is 11015 prime?
False
Is 21961 a composite number?
False
Is 1399 a prime number?
True
Is 86711 prime?
True
Is 76079 prime?
True
Is 51383 prime?
True
Is 47023 a composite number?
True
Is 102523 composite?
False
Is 54247 a composite number?
True
Is 2054903 a prime number?
True
Is 1182121 composite?
False
Is 1459 a composite number?
False
Is 4547 prime?
True
Is 418907 a prime number?
False
Is 15653 a composite number?
True
Is 2006071 a prime number?
True
Is 1087 a prime number?
True
Is 797 a prime number?
True
Is 6905 a composite number?
True
Is 326189 composite?
False
Is 131293 prime?
True
Is 169861 a composite number?
True
Is 40699 a prime number?
True
Is 14813 composite?
False
Is 6469 composite?
False
Is 653327 a composite number?
True
Is 4183 a prime number?
False
Is 1461 composite?
True
Is 268357 composite?
True
Is 22541 composite?
False
Is 4909 a composite number?
False
Is 94669 a prime number?
False
Is 1949 a prime number?
True
Is 1046177 a prime number?
False
Is 208529 composite?
False
Is 526087 prime?
True
Is 1372813 composite?
True
Is 22051 prime?
True
Is 17291 composite?
False
Is 27203 a composite number?
True
Is 32114 a composite number?
True
Is 202469 a composite number?
True
Is 4377 a composite number?
True
Is 59317 a composite number?
True
Is 112715 composite?
True
Is 54601 a prime number?
True
Is 1732649 a composite number?
False
Is 55619 a composite number?
False
Is 34871 a composite number?
False
Is 77533 a prime number?
False
Is 347619 composite?
True
Is 329906 a composite number?
True
Is 12946 a composite number?
True
Is 37619 a prime number?
True
Is 14642 a prime number?
False
Is 36717 a composite number?
True
Is 49847 composite?
True
Is 21557 composite?
False
Is 38837 a composite number?
True
Is 11027 composite?
False
Is 115789 prime?
False
Is 2155 composite?
True
Is 8191 composite?
False
Is 72859 prime?
True
Is 78839 prime?
True
Is 1464343 a prime number?
True
Is 186811 prime?
False
Is 121029 prime?
False
Is 21233 a composite number?
True
Is 11695 a prime number?
False
Is 7781 composite?
True
Is 250963 a composite number?
False
Is 1014031 a prime number?
False
Is 143457 a composite number?
True
Is 1481 a prime number?
True
Is 4831 a prime number?
True
Is 384641 composite?
False
Is 41009 a prime number?
False
Is 10541 composite?
True
Is 884159 prime?
True
Is 1646017 a composite number?
False
Is 144943 prime?
False
Is 10099 prime?
True
Is 48845 a composite number?
True
Is 464611 prime?
False
Is 7243 a composite number?
False
Is 15545 a composite number?
True
Is 11363 a prime number?
False
Is 4861 a composite number?
False
Is 75611 prime?
True
Is 9589 a composite number?
True
Is 156437 a prime number?
True
Is 2866 prime?
False
Is 24593 a composite number?
False
Is 3161 a prime number?
False
Is 108874 composite?
True
Is 7491893 a composite number?
False
Is 22559 a prime number?
False
Is 576358 composite?
True
Is 3163 a prime number?
True
Is 9173 a composite number?
False
Is 310333 prime?
True
Is 27613 a composite number?
True
Is 100883 a composite number?
True
Is 428509 a composite number?
False
Is 32093 a prime number?
False
Is 38659 prime?
False
Is 78853 composite?
False
Is 284619 prime?
False
Is 2996827 a prime number?
True
Is 14867 composite?
False
Is 47041 a composite number?
False
Is 156539 a prime number?
True
Is 4369 a composite number?
True
Is 13561 a composite number?
True
Is 4421141 composite?
False
Is 241511 prime?
True
Is 9461 a composite number?
False
Is 104107 composite?
False
Is 385967 prime?
True
Is 26383 prime?
False
Is 683041 composite?
False
Is 9089 a composite number?
True
Is 182081 prime?
False
Is 4066807 